{"id":5,"date":"2021-05-30T15:37:27","date_gmt":"2021-05-30T13:37:27","guid":{"rendered":"http:\/\/vexillum.co.at\/?page_id=5"},"modified":"2024-08-12T11:09:45","modified_gmt":"2024-08-12T09:09:45","slug":"startseite","status":"publish","type":"page","link":"https:\/\/vexillum.co.at\/","title":{"rendered":"Startseite"},"content":{"rendered":"<p>Seit \u00fcber 8 Jahre f\u00fcr Sie Aktiv!<\/p>\n<p>Spezialisierung auf den Gro\u00dfhandel von Arzneiwaren (auch OTC).<\/p>\n<p>Ebenfalls steht ein Lager mit einem K\u00fchlhaus (mit redundanter K\u00fchlung).<\/p>\n<p>Wir bieten auch die Vermietung von Lagerfl\u00e4chen und die Koordinierung der Logistik f\u00fcr Sie an.<\/p>\n<p>Zertifizierungen:<\/p>\n<ul>\n<li>Qualit\u00e4tsmanagementsystem entsprechend der ISO 9001:2015 zuletzt am 15. M\u00e4rz 2021 gepr\u00fcft<\/li>\n<li><a href=\"https:\/\/www.basg.gv.at\/fuer-unternehmen\/bewilligung-und-zertifizierung\/gute-herstellungs-\/-vertriebspraxis-gmp\/gdp\/faq-gmp\/gdp\">GDP<\/a> gepr\u00fcft durch die <a href=\"https:\/\/www.ages.at\/startseite\/\">AGES<\/a> ausgestellt am 03. Juni 2024\u00a0 \u00a0<a href=\"https:\/\/vexillum.co.at\/?page_id=42\">Details<\/a><\/li>\n<\/ul>\n<p><img loading=\"lazy\" decoding=\"async\" class=\"size-full wp-image-29 aligncenter\" src=\"https:\/\/vexillum.co.at\/wp-content\/uploads\/2021\/08\/iso.png\" alt=\"\" width=\"230\" height=\"91\" \/><\/p>\n<p>Kontakt:<\/p>\n<p>office@vexillum.co.at<br \/>\nBoschstrasse 42<br \/>\n4600 Wels<br \/>\n\u00d6sterreich \/ Austria<\/p>\n","protected":false},"excerpt":{"rendered":"<p>Seit \u00fcber 8 Jahre f\u00fcr Sie Aktiv! Spezialisierung auf den Gro\u00dfhandel von Arzneiwaren (auch OTC). Ebenfalls steht ein Lager mit einem K\u00fchlhaus (mit redundanter K\u00fchlung). Wir bieten auch die Vermietung von Lagerfl\u00e4chen und die Koordinierung der Logistik f\u00fcr Sie an. Zertifizierungen: Qualit\u00e4tsmanagementsystem entsprechend der ISO 9001:2015 zuletzt am 15. M\u00e4rz 2021 gepr\u00fcft GDP gepr\u00fcft durch<\/p>\n<p class=\"more-link\"><a href=\"https:\/\/vexillum.co.at\/\" class=\"themebutton\">Read More<\/a><\/p>\n","protected":false},"author":1,"featured_media":0,"parent":0,"menu_order":0,"comment_status":"closed","ping_status":"closed","template":"","meta":{"footnotes":""},"class_list":["post-5","page","type-page","status-publish","hentry"],"_links":{"self":[{"href":"https:\/\/vexillum.co.at\/index.php?rest_route=\/wp\/v2\/pages\/5","targetHints":{"allow":["GET"]}}],"collection":[{"href":"https:\/\/vexillum.co.at\/index.php?rest_route=\/wp\/v2\/pages"}],"about":[{"href":"https:\/\/vexillum.co.at\/index.php?rest_route=\/wp\/v2\/types\/page"}],"author":[{"embeddable":true,"href":"https:\/\/vexillum.co.at\/index.php?rest_route=\/wp\/v2\/users\/1"}],"replies":[{"embeddable":true,"href":"https:\/\/vexillum.co.at\/index.php?rest_route=%2Fwp%2Fv2%2Fcomments&post=5"}],"version-history":[{"count":13,"href":"https:\/\/vexillum.co.at\/index.php?rest_route=\/wp\/v2\/pages\/5\/revisions"}],"predecessor-version":[{"id":45,"href":"https:\/\/vexillum.co.at\/index.php?rest_route=\/wp\/v2\/pages\/5\/revisions\/45"}],"wp:attachment":[{"href":"https:\/\/vexillum.co.at\/index.php?rest_route=%2Fwp%2Fv2%2Fmedia&parent=5"}],"curies":[{"name":"wp","href":"https:\/\/api.w.org\/{rel}","templated":true}]}}